lculate the highest common divisor of 1046 and 6.
2
Calculate the greatest common divisor of 73 and 2241319.
73
Calculate the highest common factor of 162 and 526788.
18
What is the highest common divisor of 68 and 49572?
68
What is the greatest common divisor of 397694 and 110?
22
Calculate the highest common divisor of 9310 and 611230.
190
Calculate the greatest common factor of 1368 and 606708.
684
What is the greatest common divisor of 113629 and 61097?
571
Calculate the greatest common divisor of 3078 and 2280.
114
Calculate the greatest common divisor of 70688 and 32.
32
What is the greatest common factor of 520 and 13899080?
520
What is the highest common divisor of 1248 and 22368?
96
What is the greatest common factor of 45349 and 30981?
449
What is the highest common divisor of 27 and 15435?
9
What is the greatest common factor of 4056 and 702?
78
Calculate the highest common divisor of 125 and 9579375.
125
Calculate the greatest common factor of 47 and 2911697.
47
What is the highest common factor of 16727517 and 9?
9
What is the highest common divisor of 12744 and 3894?
354
What is the greatest common divisor of 10692 and 2313?
9
What is the highest common factor of 16088 and 40?
8
What is the highest common factor of 4181 and 57239?
37
What is the greatest common factor of 316085 and 10780?
385
What is the highest common divisor of 9879 and 740?
37
Calculate the greatest common factor of 385539 and 7623.
231
Calculate the highest common factor of 516 and 444.
12
Calculate the greatest common divisor of 14 and 46392.
2
What is the greatest common factor of 2408 and 8141?
7
What is the highest common divisor of 42 and 46074?
42
What is the highest common factor of 1210834 and 142?
142
What is the highest common divisor of 440115 and 130?
65
Calculate the greatest common divisor of 258 and 148350.
258
Calculate the greatest common factor of 629 and 2907.
17
Calculate the highest common factor of 4 and 39996.
4
Calculate the highest common divisor of 305 and 45872.
61
Calculate the greatest common factor of 24570 and 337350.
390
Calculate the greatest common factor of 1593 and 4897.
59
Calculate the highest common divisor of 25742 and 3782.
122
Calculate the greatest common divisor of 60 and 5088660.
60
What is the greatest common factor of 3498 and 4224?
66
What is the greatest common factor of 1165796 and 148?
148
What is the highest common divisor of 64574 and 498?
166
What is the greatest common divisor of 103302 and 108?
54
What is the highest common divisor of 5490 and 3690?
90
Calculate the greatest common divisor of 88060 and 2368.
148
What is the highest common divisor of 722481 and 657?
219
What is the greatest common factor of 817 and 4009?
19
Calculate the highest common divisor of 196756 and 26.
2
What is the greatest common factor of 1327100 and 368?
92
What is the highest common factor of 365 and 41099?
73
Calculate the highest common factor of 284 and 29678.
142
Calculate the greatest common factor of 3816 and 1961.
53
Calculate the highest common factor of 136 and 2896.
8
What is the highest common divisor of 18 and 32952?
6
Calculate the greatest common factor of 38336 and 26.
2
Calculate the greatest common divisor of 26117 and 15288.
637
Calculate the highest common factor of 140 and 74585.
35
What is the greatest common factor of 51 and 174?
3
What is the highest common factor of 46 and 417680?
46
Calculate the highest common factor of 1182483 and 666.
333
Calculate the highest common divisor of 1344 and 11382.
42
Calculate the greatest common divisor of 198 and 105226.
22
What is the highest common divisor of 33200 and 48?
16
Calculate the highest common divisor of 75 and 43755.
15
What is the greatest common factor of 882 and 68124?
42
What is the greatest common factor of 774013 and 591?
197
What is the greatest common divisor of 1576 and 8792?
8
Calculate the greatest common divisor of 168 and 1939308.
84
What is the highest common divisor of 3348 and 21708?
108
Calculate the greatest common factor of 316 and 1634510.
158
Calculate the highest common divisor of 5993628 and 12.
12
Calculate the highest common divisor of 203070 and 2310.
210
What is the highest common factor of 302 and 431558?
302
Calculate the highest common factor of 25 and 26165.
5
What is the highest common divisor of 385028 and 28?
28
What is the greatest common divisor of 64 and 63752?
8
What is the greatest common factor of 34960 and 13360?
80
What is the greatest common factor of 120 and 6414?
6
What is the highest common factor of 10190741 and 121?
121
Calculate the highest common divisor of 283878 and 270.
54
Calculate the highest common factor of 9880 and 13.
13
Calculate the greatest common divisor of 281 and 272851.
281
What is the greatest common divisor of 11986 and 312?
26
What is the highest common divisor of 182 and 18074?
14
What is the greatest common divisor of 544401 and 65?
13
Calculate the greatest common divisor of 117564 and 48.
12
What is the highest common factor of 15160 and 1800?
40
What is the greatest common divisor of 33935 and 220?
55
Calculate the greatest common factor of 66 and 43934.
22
Calculate the greatest common divisor of 12261 and 14457.
183
Calculate the greatest common factor of 89131 and 441.
49
What is the greatest common factor of 80 and 7730?
10
What is the greatest common factor of 6 and 7853214?
6
What is the greatest common divisor of 120 and 980?
20
Calculate the highest common divisor of 229276 and 124.
124
What is the greatest common divisor of 11034 and 1332?
18
What is the greatest common divisor of 560 and 208?
16
What is the greatest common divisor of 12006 and 4140?
414
Calculate the greatest common factor of 11350 and 38050.
50
What is the greatest common factor of 31696 and 112?
112
What is the greatest common divisor of 46191 and 2076?
519
What is the highest common divisor of 238391 and 2516?
629
Calculate the highest common divisor of 100 and 515030.
10
Calculate the highest common divisor of 615193 and 59.
59
What is the highest common divisor of 165 and 668685?
15
Calculate the greatest common factor of 6246 and 360.
18
Calculate the greatest common divisor of 44823 and 201.
201
What is the greatest common divisor of 12922 and 566722?
1846
Calculate the highest common factor of 8959 and 34255.
527
Calculate the greatest common divisor of 11 and 1737.
1
What is the greatest common divisor of 34257 and 6?
3
What is the highest common divisor of 82846 and 46?
46
What is the highest common divisor of 3489920 and 82?
82
Calculate the highest common factor of 2599 and 564887.
113
What is the highest common factor of 240 and 60285?
15
What is the highest common divisor of 5442 and 126?
6
Calculate the highest common divisor of 1344 and 73728.
192
Calculate the greatest common factor of 87 and 12992.
29
What is the greatest common factor of 80992 and 32?
32
Calculate the highest common divisor of 37497 and 348.
87
Calculate the greatest common divisor of 126 and 27942.
6
What is the greatest common factor of 174 and 86942?
58
Calculate the greatest common factor of 7548 and 9588.
204
Calculate the highest common divisor of 5664 and 132096.
96
Calculate the highest common divisor of 3531 and 2211.
33
Calculate the greatest common factor of 55932 and 1572.
12
What is the greatest common divisor of 57625 and 100?
25
What is the greatest common divisor of 662512 and 64?
16
Calculate the greatest common divisor of 2962112 and 64.
64
Calculate the greatest common divisor of 43094 and 5858.
58
What is the highest common divisor of 13995 and 225?
45
Calculate the highest common factor of 34464 and 120.
24
Calculate the highest common factor of 141483 and 39.
3
What is the highest common divisor of 15 and 27408?
3
Calculate the greatest common divisor of 2242940 and 56.
28
What is the greatest common factor of 1404 and 608634?
702
Calculate the greatest common factor of 60347 and 6524.
1631
Calculate the highest common factor of 949 and 253529.
73
Calculate the highest common divisor of 2730 and 5044.
26
Calculate the highest common factor of 177 and 7769946.
177
What is the greatest common divisor of 4991 and 6727?
217
Calculate the highest common factor of 1026 and 61959.
57
What is the hi